iple of 14?
False
Is 262659304 a multiple of 272?
False
Is 64300800 a multiple of 25?
True
Does 3 divide 46328718?
True
Is 1134897244 a multiple of 17?
False
Is 108922600 a multiple of 100?
True
Is 531 a factor of 90101312?
False
Is 2094750 a multiple of 14?
True
Is 3704168504 a multiple of 426?
False
Is 9 a factor of 705548053?
False
Does 91 divide 479474359?
True
Is 127046138 a multiple of 97?
True
Is 16612462 a multiple of 3?
False
Is 2555 a factor of 74696813?
False
Is 91 a factor of 2788679497?
False
Is 3363912 a multiple of 57?
True
Is 65258810 a multiple of 54?
False
Is 564 a factor of 195978542?
False
Does 29 divide 289539156?
False
Does 14 divide 3395371?
False
Does 151 divide 621777608?
False
Is 23 a factor of 85902967?
False
Does 43 divide 37437884?
False
Is 21 a factor of 12558735?
True
Is 476488767 a multiple of 137?
False
Is 2195137152 a multiple of 18?
True
Does 931 divide 316785784?
True
Does 989 divide 100572399?
True
Is 25671896 a multiple of 568?
True
Does 3561 divide 96392709?
True
Is 13 a factor of 576593853?
False
Is 88 a factor of 2680316672?
True
Does 142 divide 5313743279?
False
Is 312994803 a multiple of 111?
True
Does 143 divide 1375990473?
True
Does 280 divide 223911132?
False
Is 51 a factor of 347017821?
True
Does 758 divide 17118672?
True
Is 22843147 a multiple of 108?
False
Does 358 divide 21179638?
True
Is 554415288 a multiple of 17?
True
Is 116184 a multiple of 47?
True
Is 303393936 a multiple of 12?
True
Is 2211 a factor of 100788435?
True
Does 1988 divide 399261968?
True
Does 194 divide 5394712?
False
Does 32 divide 149632416?
True
Does 309 divide 304244220?
False
Does 227 divide 335165300?
False
Is 44 a factor of 20237324?
False
Is 1320240339 a multiple of 7877?
True
Does 3200 divide 673840000?
True
Is 676054760 a multiple of 10?
True
Is 170699693 a multiple of 176?
False
Does 1348 divide 181708255?
False
Does 7856 divide 739565317?
False
Does 341 divide 9353379?
False
Does 1157 divide 6864402?
False
Is 27 a factor of 526563522?
False
Does 5 divide 328874512?
False
Is 2605 a factor of 12293108?
False
Is 107 a factor of 576935871?
False
Is 179157495 a multiple of 25?
False
Does 59 divide 1004438243?
True
Is 22772772 a multiple of 133?
False
Does 56 divide 36250557?
False
Is 6 a factor of 6211338?
True
Is 492699648 a multiple of 358?
True
Is 1701655 a multiple of 202?
False
Is 44 a factor of 338366885?
False
Is 775 a factor of 539747200?
True
Is 10 a factor of 885730820?
True
Is 99011502 a multiple of 8?
False
Does 22 divide 4301477686?
True
Is 54067572 a multiple of 598?
True
Does 58 divide 117055843?
False
Does 9 divide 50102977?
False
Does 450 divide 72230400?
True
Is 126151556 a multiple of 245?
False
Is 636865278 a multiple of 318?
True
Is 83286800 a multiple of 184?
False
Is 114860395 a multiple of 549?
False
Is 714382808 a multiple of 12?
False
Is 5 a factor of 28339650?
True
Does 9 divide 4316382?
True
Is 2581867 a multiple of 11?
False
Does 1051 divide 21315376?
False
Is 1792427 a multiple of 91?
True
Is 432485184 a multiple of 316?
True
Is 466 a factor of 45083170?
True
Is 1196736 a multiple of 48?
True
Does 23 divide 1012670289?
True
Does 729 divide 345975381?
True
Is 28670069 a multiple of 29?
False
Is 944 a factor of 186823264?
True
Is 488 a factor of 53472857?
False
Is 5271031961 a multiple of 42?
False
Is 42137098 a multiple of 38?
True
Does 63 divide 62180433?
True
Is 127 a factor of 25426838?
False
Does 79 divide 41494402?
False
Is 239376200 a multiple of 3050?
True
Is 188284290 a multiple of 10?
True
Does 355 divide 220206145?
True
Is 22790221 a multiple of 270?
False
Is 667 a factor of 67962080?
False
Is 4 a factor of 8224364?
True
Is 58144330 a multiple of 61?
False
Is 147 a factor of 2331611?
False
Is 334 a factor of 1176701023?
False
Is 4772400 a multiple of 150?
True
Does 49 divide 148034388?
False
Is 61464737 a multiple of 144?
False
Does 8060 divide 464479845?
False
Does 312 divide 32519489?
False
Is 28 a factor of 66391763?
False
Is 244847850 a multiple of 65?
True
Is 6299 a factor of 5542112160?
True
Is 778389168 a multiple of 2338?
False
Does 37 divide 290651?
False
Is 39856432 a multiple of 3806?
True
Does 20 divide 186826552?
False
Is 2607372 a multiple of 276?
True
Is 69688193 a multiple of 32?
False
Does 2874 divide 15499411?
False
Does 4 divide 237429788?
True
Does 7 divide 526877983?
False
Does 44 divide 12121803?
False
Does 729 divide 1252340352?
True
Is 4319465274 a multiple of 802?
False
Is 394543634 a multiple of 13?
False
Does 2999 divide 492384817?
True
Does 216 divide 1635517872?
True
Is 65 a factor of 152094975?
False
Does 142 divide 82368236?
True
Does 34 divide 129082265?
False
Is 2538 a factor of 321199128?
True
Is 988167960 a multiple of 26?
True
Does 33 divide 23974005?
True
Is 3342 a factor of 367432848?
True
Does 199 divide 883608725?
False
Is 1915370464 a multiple of 360?
False
Does 116 divide 12387640?
True
Is 128790998 a multiple of 94?
True
Is 55067586 a multiple of 16?
False
Does 22 divide 7422998?
True
Does 28 divide 584416854?
False
Is 1161130837 a multiple of 27?
False
Is 19808868 a multiple of 66?
False
Is 52 a factor of 719100482?
False
Does 339 divide 1245633511?
False
Does 453 divide 366118677?
True
Is 754 a factor of 244008618?
False
Is 395945342 a multiple of 9?
False
Is 17845392 a multiple of 171?
False
Is 1581 a factor of 143052106?
False
Does 6 divide 11339201?
False
Does 1309 divide 636729758?
False
Is 1206419278 a multiple of 15?
False
Is 66487882 a multiple of 1771?
False
Is 4771 a multiple of 2?
False
Is 2746 a factor of 2668824048?
False
Does 4831 divide 919381155?
False
Does 22 divide 63226162?
False
Is 29687012 a multiple of 508?
True
Does 8 divide 43575981?
False
Does 33 divide 74500074?
True
Is 40 a factor of 1720631?
False
Does 2187 divide 37382391?
True
Is 8852817 a multiple of 3072?
False
Is 37 a factor of 57040976?
True
Does 1653 divide 29712675?
True
Is 346968528 a multiple of 212?
True
Is 9 a factor of 21561224?
False
Does 18 divide 22352195?
False
Does 3 divide 43310666?
False
Does 7 divide 97580189?
True
Is 47 a factor of 263294?
True
Does 749 divide 94190495?
True
Does 5196 divide 2318895709?
False
Is 40 a factor of 72510560?
True
Does 494 divide 415472172?
False
Does 32 divide 168589221?
False
Is 593805145 a multiple of 1522?
False
Is 1767 a factor of 185053777?
False
Is 5756 a factor of 956382424?
True
Is 48 a factor of 34591824?
True
Is 53 a factor of 756229069?
True
Is 384 a factor of 1917401856?
True
Is 999265927 a multiple of 11?
True
Is 42592550 a multiple of 455?
True
Is 53415891 a multiple of 121?
False
Does 27 divide 13096431?
True
Is 38 a factor of 63585822?
False
Is 8 a factor of 15375896?
True
Is 441 a factor of 760487301?
True
Is 14 a factor of 184510354?
True
Is 518 a factor of 12373984?
True
Does 23 divide 26148608?
True
Does 1014 divide 36547677?
False
Is 233 a factor of 194013760?
False
Is 5 a factor of 131538105?
True
Is 229 a factor of 243144643?
True
Is 4723 a factor of 850081524?
False
Is 29 a factor of 19874512?
True
Is 46831492 a multiple of 37?
True
Is 395 a factor of 36418332?
False
Is 29151111 a multiple of 536?
False
Is 212133434 a multiple of 254?
True
Is 70 a factor of 262968143?
False
Is 754 a factor of 7109386?
False
Does 102 divide 4571621?
False
Is 75 a factor of 41842636?
False
Does 455 divide 20874945?
True
Is 121 a factor of 34331684?
False
Is 3265 a factor of 201904335?
True
Does 35 divide 396555320?
True
Is 25 a factor of 647450?
True
Does 933 divide 85192230?
True
Does 22 divide 8909978?
True
Does 236 divide 229485456?
True
Is 359716010 a multiple of 315?
False
Does 128 divide 47969927?
False
Is 252296868 a multiple of 197?
False
Is 175 a factor of 3080956682?
False
Is 194187132 a multiple of 166?
True
Is 70430579 a multiple of 30?
False
Is 255 a factor of 1787586888?
False
Is 22756856 a multiple of 7?
False
Does 171 divide 487635399?
True
Is 99984144 a multiple of 18?
False
Is 1640415402 a multiple of 477?
True
Does 494 divide 16023803?
False
Does 23 divide 35510259?
False
Is 572842304 a multiple of 8?
True
Is 1017 a factor of 556073226?
True
Is 97 a factor of 2815619?
True
Does 4527 divide 964312994?
False
Is 14 a factor of 6347948?
False
Does 26 divide 19448326?
False
Is 207388272